143.
110
Calculate the remainder when 275 is divided by 95.
85
Calculate the remainder when 2381 is divided by 6.
5
Calculate the remainder when 992 is divided by 254.
230
Calculate the remainder when 134 is divided by 72.
62
Calculate the remainder when 96 is divided by 9.
6
Calculate the remainder when 424 is divided by 369.
55
What is the remainder when 141 is divided by 51?
39
What is the remainder when 595 is divided by 25?
20
Calculate the remainder when 131 is divided by 51.
29
What is the remainder when 166 is divided by 14?
12
What is the remainder when 801 is divided by 14?
3
Calculate the remainder when 117 is divided by 15.
12
Calculate the remainder when 301 is divided by 3.
1
What is the remainder when 3417 is divided by 78?
63
Calculate the remainder when 560 is divided by 51.
50
Calculate the remainder when 209 is divided by 22.
11
Calculate the remainder when 52 is divided by 21.
10
Calculate the remainder when 9986 is divided by 45.
41
What is the remainder when 19 is divided by 11?
8
What is the remainder when 1968 is divided by 29?
25
What is the remainder when 3338 is divided by 13?
10
Calculate the remainder when 245 is divided by 32.
21
Calculate the remainder when 168 is divided by 56.
0
What is the remainder when 84 is divided by 16?
4
What is the remainder when 3977 is divided by 23?
21
Calculate the remainder when 2260 is divided by 57.
37
What is the remainder when 28 is divided by 11?
6
Calculate the remainder when 46 is divided by 24.
22
Calculate the remainder when 300 is divided by 119.
62
What is the remainder when 460 is divided by 103?
48
Calculate the remainder when 1567 is divided by 56.
55
What is the remainder when 3582 is divided by 64?
62
What is the remainder when 927 is divided by 30?
27
What is the remainder when 1176 is divided by 90?
6
What is the remainder when 2800 is divided by 209?
83
Calculate the remainder when 2279 is divided by 190.
189
Calculate the remainder when 246 is divided by 50.
46
Calculate the remainder when 47 is divided by 6.
5
What is the remainder when 6465 is divided by 29?
27
Calculate the remainder when 269 is divided by 16.
13
Calculate the remainder when 1677 is divided by 186.
3
Calculate the remainder when 1093 is divided by 19.
10
What is the remainder when 576 is divided by 115?
1
Calculate the remainder when 152 is divided by 11.
9
Calculate the remainder when 164 is divided by 55.
54
Calculate the remainder when 219 is divided by 10.
9
What is the remainder when 74 is divided by 11?
8
What is the remainder when 7821 is divided by 12?
9
What is the remainder when 398 is divided by 44?
2
Calculate the remainder when 194 is divided by 104.
90
What is the remainder when 950 is divided by 192?
182
What is the remainder when 367 is divided by 140?
87
What is the remainder when 3095 is divided by 40?
15
Calculate the remainder when 73 is divided by 55.
18
Calculate the remainder when 889 is divided by 81.
79
What is the remainder when 120 is divided by 21?
15
What is the remainder when 310 is divided by 15?
10
Calculate the remainder when 15 is divided by 11.
4
Calculate the remainder when 158 is divided by 59.
40
Calculate the remainder when 1438 is divided by 96.
94
Calculate the remainder when 5927 is divided by 592.
7
What is the remainder when 539 is divided by 183?
173
Calculate the remainder when 76 is divided by 42.
34
What is the remainder when 12 is divided by 3?
0
What is the remainder when 243 is divided by 61?
60
What is the remainder when 4064 is divided by 15?
14
Calculate the remainder when 488 is divided by 136.
80
Calculate the remainder when 45 is divided by 6.
3
Calculate the remainder when 190 is divided by 20.
10
What is the remainder when 1784 is divided by 594?
2
What is the remainder when 2792 is divided by 7?
6
What is the remainder when 306 is divided by 7?
5
What is the remainder when 32 is divided by 12?
8
Calculate the remainder when 159 is divided by 40.
39
Calculate the remainder when 532 is divided by 9.
1
What is the remainder when 278 is divided by 41?
32
What is the remainder when 1615 is divided by 60?
55
Calculate the remainder when 204 is divided by 41.
40
Calculate the remainder when 2439 is divided by 102.
93
What is the remainder when 15014 is divided by 55?
54
Calculate the remainder when 28047 is divided by 170.
167
Calculate the remainder when 16965 is divided by 21.
18
What is the remainder when 193 is divided by 34?
23
What is the remainder when 65 is divided by 38?
27
Calculate the remainder when 25514 is divided by 16.
10
Calculate the remainder when 1198 is divided by 4.
2
Calculate the remainder when 26 is divided by 9.
8
What is the remainder when 391 is divided by 79?
75
What is the remainder when 123 is divided by 22?
13
What is the remainder when 135 is divided by 36?
27
Calculate the remainder when 2007 is divided by 635.
102
What is the remainder when 2261 is divided by 13?
12
Calculate the remainder when 181 is divided by 90.
1
Calculate the remainder when 879 is divided by 11.
10
Calculate the remainder when 113 is divided by 43.
27
What is the remainder when 865 is divided by 42?
25
Calculate the remainder when 993 is divided by 495.
3
What is the remainder when 2792 is divided by 20?
12
Calculate the remainder when 1197 is divided by 101.
86
Calculate the remainder when 1316 is divided by 89.
70
Calculate the remainder when 47 is divided by 38.
9
Calculate the remainder when 79 is divided by 75.
4
What is the remainder when 320 is divided by 156?
8
What is the remainder when 74 is divided by 5?
4
Calculate the remainder when 2656 is divided by 14.
10
Calculate the remainder when 144 is divided by 67.
10
Calculate the remainder when 60 is divided by 22.
16
Calculate the remainder when 73 is divided by 36.
1
What is the remainder when 298 is divided by 28?
18
What is the remainder when 922 is divided by 14?
12
What is the remainder when 54 is divided by 21?
12
Calculate the remainder when 107 is divided by 61.
46
Calculate the remainder when 1548 is divided by 173.
164
Calculate the remainder when 1001 is divided by 14.
7
What is the remainder when 108 is divided by 32?
12
Calculate the remainder when 2437 is divided by 40.
37
What is the remainder when 294 is divided by 21?
0
What is the remainder when 3775 is divided by 180?
175
Calculate the remainder when 18 is divided by 3.
0
What is the remainder when 501 is divided by 174?
153
Calculate the remainder when 564 is divided by 63.
60
Calculate the remainder when 158 is divided by 42.
32
Calculate the remainder when 135 is divided by 17.
16
Calculate the remainder when 103 is divided by 62.
41
What is the remainder when 1555 is divided by 265?
230
Calculate the remainder when 4100 is divided by 372.
8
Calculate the remainder when 7343 is divided by 237.
233
What is the remainder when 89 is divided by 9?
8
What is the remainder when 1998 is divided by 498?
6
What is the remainder when 170 is divided by 11?
5
What is the remainder when 807 is divided by 167?
139
Calculate the remainder when 455 is divided by 12.
11
Calculate the remainder when 599 is divided by 24.
23
Calculate the remainder when 23 is divided by 3.
2
Calculate the remainder when 460 is divided by 396.
64
What is the remainder when 1966 is divided by 281?
280
Calculate the remainder when 250 is divided by 20.
10
What is the remainder when 291 is divided by 40?
11
Calculate the remainder when 1299 is divided by 107.
15
What is the remainder when 15761 is divided by 142?
141
Calculate the remainder when 214 is divided by 7.
4
Calculate the remainder when 1242 is divided by 402.
36
Calculate the remainder when 47 is divided by 19.
9
What is the remainder when 45 is divided by 24?
21
What is the remainder when 931 is divided by 282?
85
What is the remainder when 246 is divided by 83?
80
What is the remainder when 1013 is divided by 13?
12
What is the remainder when 2102 is divided by 16?
6
What is the remainder when 1537 is divided by 141?
127
Calculate the remainder when 76 is divided by 11.
10
What is the remainder when 859 is divided by 8?
3
Calculate the remainder when 1054 is divided by 22.
20
Calculate the remainder when 3813 is divided by 4.
1
What is the remainder when 1173 is divided by 1